6 - a65?
-a80
In base 11, what is 6633 + -42?
65a1
In base 14, what is -713 - -a6?
-64b
In base 7, what is 23253 + -3?
23250
In base 6, what is -5 + -11150022?
-11150031
In base 16, what is -31 + -10a?
-13b
In base 3, what is -102212 - -1202012?
1022100
In base 10, what is 34587 + 61?
34648
In base 4, what is 31211203 - -2?
31211211
In base 14, what is -cb - 449c?
-4589
In base 14, what is 225451 + -1?
225450
In base 12, what is -958 - -9?
-94b
In base 2, what is -101011100 - 10101111100011?
-10110100111111
In base 4, what is -2300123 + -11?
-2300200
In base 11, what is -310 + 42?
-279
In base 8, what is 7 + 613216?
613225
In base 5, what is -1442324 - -240?
-1442034
In base 3, what is 12 - 1012011200?
-1012011111
In base 16, what is 1787bf - -5?
1787c4
In base 8, what is 11130522 - 1?
11130521
In base 5, what is 10 - -24201134?
24201144
In base 3, what is 12 + -1100110211110?
-1100110211021
In base 5, what is 141430 + -10?
141420
In base 5, what is 2402 - 244?
2103
In base 2, what is -1 + 10101000101100101?
10101000101100100
In base 2, what is -1110001111110111 - 101?
-1110001111111100
In base 11, what is -1 + -9a78?
-9a79
In base 3, what is -21 + -20102120?
-20102211
In base 10, what is -272 - -985?
713
In base 2, what is -110111100011101000 - 1?
-110111100011101001
In base 2, what is -1011010111100111001 - 1000?
-1011010111101000001
In base 9, what is 36 + 734?
771
In base 5, what is -1441304 - 12?
-1441321
In base 15, what is 4aaa + -29?
4a81
In base 7, what is 56056 - -50?
56136
In base 16, what is 1d36 + 1?
1d37
In base 16, what is 477ad + 6?
477b3
In base 16, what is e + -85c?
-84e
In base 2, what is 101110 - -1000111010?
1001101000
In base 12, what is 1018b + -122?
10069
In base 3, what is -222102 - 10110020?
-11102122
In base 11, what is 12a30 + -13?
12a18
In base 3, what is 1121220 + -2122102?
-1000112
In base 10, what is 191616 - 4?
191612
In base 7, what is 6210 + -211?
5666
In base 12, what is -4bb7 + 0?
-4bb7
In base 6, what is -32533 - -30?
-32503
In base 12, what is 1351 + 19?
136a
In base 14, what is -67 + -497?
-520
In base 12, what is -1a95 + 6?
-1a8b
In base 16, what is -185 - d40?
-ec5
In base 8, what is 1217707 - -2?
1217711
In base 5, what is -424042 - 244?
-424341
In base 8, what is 1 + 5277720?
5277721
In base 11, what is -5 - 58398?
-583a2
In base 7, what is -120500 - 6?
-120506
In base 9, what is 106375 + -16?
106358
In base 10, what is -2212 + 3?
-2209
In base 15, what is 3 - -c64b?
c64e
In base 4, what is -1033222011 + 2?
-1033222003
In base 6, what is -32 + -325?
-401
In base 3, what is -1 + -110121001?
-110121002
In base 16, what is 58715 - -4?
58719
In base 9, what is -36500 - -10?
-36480
In base 16, what is -23dd + a5?
-2338
In base 14, what is -2 - -37661?
3765d
In base 9, what is -221 - 10645?
-10866
In base 8, what is 5753 - -23?
5776
In base 7, what is 14126 + 160?
14316
In base 7, what is 133131 + 6?
133140
In base 11, what is -2 + 44533?
44531
In base 12, what is 1 + 1a2703?
1a2704
In base 9, what is 356 + -620?
-253
In base 5, what is 1342 - -30223?
32120
In base 13, what is 40 - 8?
35
In base 13, what is 1543a + -30?
1540a
In base 9, what is -180406 + -5?
-180412
In base 5, what is 1 - -1002042?
1002043
In base 8, what is -32 + 716?
664
In base 5, what is 1122040 - 2?
1122033
In base 12, what is b - 5223?
-5214
In base 6, what is -1512514 - -3?
-1512511
In base 2, what is -110001 - 11010111011?
-11011101100
In base 2, what is 1000011011110111 + -1?
1000011011110110
In base 8, what is -65665 - -2?
-65663
In base 10, what is 45 - 3287?
-3242
In base 15, what is -106a - -c?
-105d
In base 11, what is 5 - 49179?
-49174
In base 7, what is -25152 + 24?
-25125
In base 5, what is -2004143100 + -2?
-2004143102
In base 5, what is 133 + -44042?
-43404
In base 16, what is -15 - -1400f?
13ffa
In base 2, what is 101101000111 + -110?
101101000001
In base 7, what is -3243310 + -10?
-3243320
In base 6, what is -33 - 3515235?
-3515312
In base 10, what is -17 + -34992?
-35009
In base 9, what is -14 - -37?
23
In base 10, what is 3 + -8685?
-8682
In base 16, what is 149 + -dd?
6c
In base 3, what is 22011010 - -212210?
100000220
In base 11, what is -3 + -41a?
-422
In base 3, what is -22211 + -100101?
-200012
In base 15, what is 83 + 2ba?
34d
In base 12, what is -6b0b + 4?
-6b07
In base 8, what is 34527 + -1?
34526
In base 13, what is 1 - -2523c?
25240
In base 3, what is -20010 - 1102000?
-1122010
In base 13, what is 7a74 - 4?
7a70
In base 15, what is -5 - 202c?
-2032
In base 8, what is 163 + 2140?
2323
In base 11, what is -176781 + 0?
-176781
In base 10, what is 890 - 1335?
-445
In base 16, what is -18 - 1256?
-126e
In base 16, what is c + -cc4?
-cb8
In base 14, what is 372608 + 5?
37260d
In base 2, what is -101000010111 - -101100?
-100111101011
In base 5, what is 3113142 - 4?
3113133
In base 7, what is 536213 - 6?
536204
In base 7, what is 21 + 60022?
60043
In base 2, what is -101110010 - -111101000111?
110111010101
In base 11, what is 5 - 287556?
-287551
In base 4, what is 12300003 + -22?
12233321
In base 3, what is 1002 - -1010022?
1011101
In base 9, what is -1052 - 721?
-1773
In base 5, what is 10222234 + 2?
10222241
In base 9, what is -22 - -17?
-4
In base 8, what is 2 + 3157230?
3157232
In base 3, what is -101010 - -10121222?
10020212
In base 9, what is -108 - 1271?
-1380
In base 14, what is -47b57 - -5?
-47b52
In base 15, what is 1e8846 - 4?
1e8842
In base 12, what is 73 - 7304?
-7251
In base 2, what is -101110 - -1001111011000?
1001110101010
In base 11, what is 907 + -239?
679
In base 8, what is -1 + 1133050?
1133047
In base 5, what is 31424003 - -1?
31424004
In base 10, what is 3294 - -16?
3310
In base 4, what is 10322 + -202?
10120
In base 16, what is -1 + a845?
a844
In base 2, what is 10010011 + -11110101?
-1100010
In base 16, what is 1ff07 - 4?
1ff03
In base 4, what is 3312 - -1100?
11012
In base 12, what is -939 + 179?
-780
In base 3, what is -1110 - -12012?
10202
In base 2, what is 10111111 - -100001101?
111001100
In base 6, what is 10 + 4124002?
4124012
In base 5, what is -1140 - 131300?
-132440
In base 3, what is 110 - 210200?
-210020
In base 5, what is -2122 - -143?
-1424
In base 16, what is f1 + 7d?
16e
In base 6, what is 2404300 + -15?
2404241
In base 14, what is 91d39 - 0?
91d39
In base 13, what is 56 - -1503?
1559
In base 10, what is 86 - 1134?
-1048
In base 7, what is 1204 - -10?
1214
In base 4, what is -303121130 - 3?
-303121133
In base 6, what is 1024 + -11322?
-10254
In base 7, what is -1041234 - -1?
-1041233
In base 8, what is 1 + -1760742?
-1760741
In base 11, what is 15953 - 16?
15938
In base 15, what is 1 - 240b4?
-240b3
In base 6, what is 532 - -152?
1124
In base 8, what is -51 - -2604?
2533
In base 13, what is -6 - 1113c?
-11145
In base 9, what is 22215 - 10?
22205
In base 4, what is 2102202 + 123?
2102331
In base 15, what is e0e - -4c?
e5b
In base 2, what is -1010 - -110010100101?
110010011011
In base 3, what is -100 - -2020211?
2020111
In base 4, what is -131 - 30310?
-31101
In base 4, what is 33213 + -12323?
20230
In base 6, what is -1 + -201443?
-201444
In base 10, what is -3 - -22693?
22690
In base 11, what is 590 + 507?
a97
In base 15, what is 289 + -145?
144
In base 4, what is 332 + -220133?
-213201
In base 11, what is -6 - -32566?
32560
In base 12, what is 52 + 20?
72
In base 7, what is 0 + -2335652?
-2335652
In base 13, what is -18 - -3a9?
391
In base 7, what is 5 - 4320105?
-4320100
In base 10, what is 63144 - 18?
63126
In base 5, what is 2 + -324144?
-324142
In base 7, what is 1104040 + -3?
1104034
In base 3, what is 12220112 - 22?
12220020
In base 13, what is -1233 - -a7?
-1159
In base 14, what is d - -53a6?
53b5
In base 10, what is -565 + -59?
-624
In base 2, what is 1101010000 + 10001110?
1111011110
In base 10, what is 719 + 361?
1080
In base 2, what is -1101 + 1010000111111?
1010000110010
In base 14, what is -5 + -5577?
-557c
In base 16, what is -2 + 1b3?
1b1
In base 6, what is -215 + 1102?
443
In base 3, what is 10112 - 222002002?
-221221120
In base 5, what is 310 + -303?
2
In base 14, what is -170ad6 - 5?
-170adb
In base 16, what is 5b75 - 5?
5b70
In base 16, what is 9c + -7fc?
-760
In base 8, what is -40265 - -123?
-40142
In base 4, what is 12222 - 0?
12222
In base 6, what